se 15, what is 25b2 + 965?
3027
In base 14, what is bd0b9 - -216?
bd2d1
In base 15, what is 28d + 23d4d0?
23d76d
In base 12, what is a6b8689 - -3?
a6b8690
In base 2, what is 10000111011011110000111 + -110?
10000111011011110000001
In base 13, what is 26 - -8458c4?
84591a
In base 9, what is -32 + -116802?
-116834
In base 3, what is -1001 + -10211111102200000?
-10211111102201001
In base 3, what is 2212022200 - -12121?
2212112021
In base 3, what is -21022110000201110 + -11?
-21022110000201121
In base 8, what is -153444642 + -40?
-153444702
In base 3, what is 1021211222001222002 + -2?
1021211222001222000
In base 15, what is -31 + -1d3246?
-1d3277
In base 4, what is -1333210031 + -2233?
-1333212330
In base 15, what is 3 - 9d304e?
-9d304b
In base 11, what is -1855 - -1685?
-180
In base 6, what is -301343 + 125045?
-132254
In base 4, what is 30331011121 + 23?
30331011210
In base 7, what is 41560606 + -33?
41560543
In base 15, what is 107 + 2da19?
2db21
In base 3, what is 0 + 201202202211112?
201202202211112
In base 9, what is 15 + -152761?
-152745
In base 11, what is 74222a - -7?
742236
In base 7, what is 3 - -3645311226?
3645311232
In base 11, what is -a838167 - 9?
-a838175
In base 6, what is -3452 - -543315?
535423
In base 3, what is -11 + -120011220010011?
-120011220010022
In base 12, what is -66 + 8756?
86b0
In base 15, what is -423c + -2bc?
-4509
In base 3, what is 11 + -111022120210220222?
-111022120210220211
In base 5, what is -10230 - 111422221?
-111433001
In base 7, what is 3241141 - 5?
3241133
In base 5, what is -1201 - -1304424?
1303223
In base 5, what is 3003134000 + -3?
3003133442
In base 13, what is -39ab1bb8 + 5?
-39ab1bb3
In base 14, what is -614b0 - -82?
-6142c
In base 9, what is -4 + -180621687?
-180621702
In base 11, what is 343977 - -121?
343a98
In base 5, what is -220333210 - 1?
-220333211
In base 14, what is -295a22 + 38?
-2959c8
In base 7, what is -450 - -1452124?
1451344
In base 6, what is -142520 - -251131?
104211
In base 13, what is 3 - -1124b0?
1124b3
In base 11, what is -224386535 - -5?
-224386530
In base 14, what is 0 - -34dcda4c?
34dcda4c
In base 10, what is 62 - 964011?
-963949
In base 11, what is -12 - -192004?
191aa2
In base 8, what is 4 + 20374402?
20374406
In base 2, what is 1101001010000000111 + 10011011010?
1101001100011100001
In base 13, what is -a116c9 + 2?
-a116c7
In base 7, what is -1 - -2635310252?
2635310251
In base 16, what is -70c9f - 5?
-70ca4
In base 9, what is 3 - -124578166?
124578170
In base 13, what is 236b1183 + 5?
236b1188
In base 12, what is 71 + -482a7?
-48236
In base 11, what is 10 + -2050129?
-2050119
In base 10, what is -246185 - 27?
-246212
In base 13, what is -18216 + -3b?
-18254
In base 6, what is -214 - -54131203?
54130545
In base 2, what is 1001110010 - 10001001100000111?
-10001000010010101
In base 13, what is -ca92 - -27?
-ca68
In base 14, what is -1ab8a43 + 12?
-1ab8a31
In base 4, what is 2 - 112132323230?
-112132323222
In base 7, what is -243013 + -10513?
-253526
In base 11, what is 0 - 12492a60?
-12492a60
In base 3, what is -1021021122 + 201?
-1021020221
In base 12, what is -26 - -5b535b8?
5b53592
In base 12, what is -136434a + -1?
-136434b
In base 2, what is 0 + -101011010000100000000110010?
-101011010000100000000110010
In base 10, what is 5 + 31172921?
31172926
In base 2, what is -1100011001011111001 - -1000110100?
-1100011000011000101
In base 12, what is -5 + -10b0257?
-10b0260
In base 12, what is -2 - 536133a8?
-536133aa
In base 3, what is 120220 - -212010211?
212201201
In base 6, what is -1351501 - 125553?
-1521454
In base 15, what is 3 - 319b7d?
-319b7a
In base 10, what is -5 + -168591871?
-168591876
In base 11, what is 14363a + 12?
143651
In base 14, what is 3c4854 + -133?
3c4721
In base 15, what is -34918 + de?
-34829
In base 7, what is -6031 - -501562?
462531
In base 9, what is -427684 - -121?
-427563
In base 4, what is -1023 + -1031102103?
-1031103132
In base 9, what is -2 - -35027148?
35027146
In base 6, what is -2 - 103132132?
-103132134
In base 16, what is -3eac0 - 0?
-3eac0
In base 12, what is -272a - 1bb2?
-4720
In base 11, what is -1a5 - 3030?
-3225
In base 9, what is -102 - -1550750?
1550647
In base 8, what is 37230 + 1250?
40500
In base 9, what is -264432 - 76?
-264518
In base 2, what is -1000001 - 111100110000111100101?
-111100110001000100110
In base 6, what is -400540101 + 50?
-400540011
In base 7, what is -13306256 - -1233?
-13305023
In base 2, what is -1111010011111011100 + -1011111?
-1111010100000111011
In base 5, what is 1320021102412 - 3?
1320021102404
In base 14, what is 25bd - 318a2?
-2d2c3
In base 6, what is -4553311 - 330?
-4554041
In base 13, what is -29 + -45bc1c?
-45bc48
In base 10, what is -134 + 78355?
78221
In base 10, what is -11496 - -19221?
7725
In base 10, what is -15866 - 1813?
-17679
In base 3, what is -100212002 - 1100022?
-102012101
In base 5, what is 204 - -240003101?
240003310
In base 9, what is 4038 - 86730?
-82681
In base 9, what is 81247 - -2365?
83623
In base 4, what is -12 - 1031102020?
-1031102032
In base 15, what is -27a02 - -307?
-276ea
In base 8, what is -52013 - 765?
-53000
In base 8, what is 46360 + 1374?
47754
In base 11, what is 24 + 3a7538?
3a7561
In base 10, what is 386 - -4379?
4765
In base 6, what is -3355 - -225401?
222002
In base 15, what is -b181 + -ab?
-b23c
In base 13, what is -cb74 + 110c?
-ba65
In base 5, what is 440 - 22133114?
-22132124
In base 10, what is -1448 - -41226?
39778
In base 11, what is 17444a0 + a?
17444aa
In base 5, what is -2313201 - 210220?
-3023421
In base 4, what is -13 + 203313303?
203313230
In base 10, what is 20520 + -387?
20133
In base 2, what is -101000111111101011 - -1110?
-101000111111011101
In base 5, what is -4 - 24420021?
-24420030
In base 14, what is -1 - 2a93cbd?
-2a93cc0
In base 6, what is 24020131054 - 3?
24020131051
In base 16, what is -8d72dc0 - 1?
-8d72dc1
In base 5, what is 10321 - 1234031?
-1223210
In base 14, what is 1 - -22d162a?
22d162b
In base 16, what is -6 - bcf7e5b?
-bcf7e61
In base 7, what is 2154655 + 136?
2155124
In base 4, what is 212320 - -2111033031?
2111312011
In base 9, what is 185817372 - 1?
185817371
In base 11, what is -7922 - -4a7?
-7426
In base 13, what is -c70806 + -5?
-c7080b
In base 9, what is 2 - -3750473?
3750475
In base 6, what is 300 + -200041?
-155341
In base 14, what is 712a5b - 49?
712a12
In base 8, what is 13541236 + -255?
13540761
In base 8, what is -101767004 - -5?
-101766777
In base 14, what is -975 + -447?
-dbc
In base 2, what is -11110111100101101011 - 0?
-11110111100101101011
In base 7, what is 21 - -52526566?
52526620
In base 3, what is 111210021111012 - -2?
111210021111021
In base 10, what is -40855 + 178?
-40677
In base 13, what is 80ca5c - 11b?
80c941
In base 16, what is -5 - 3d326c?
-3d3271
In base 11, what is -64a753 + 3?
-64a750
In base 16, what is -91937a + -5?
-91937f
In base 14, what is -132d + -71a?
-1a49
In base 4, what is 1 - 3310032331?
-3310032330
In base 4, what is 120330212 + 121?
120330333
In base 4, what is 3212212232 - -1011?
3212213303
In base 14, what is 612166 - 0?
612166
In base 14, what is 6b75c1 - 2?
6b75bd
In base 6, what is -21040150 + 1?
-21040145
In base 8, what is -2043 + 66534?
64471
In base 6, what is -3225052100 + 10?
-3225052050
In base 3, what is -2 + 1010020020022021?
1010020020022012
In base 10, what is 611 - -573587?
574198
In base 3, what is 12121 + 1200000110?
1200020001
In base 10, what is 21428560 + -5?
21428555
In base 15, what is -33 + 6c18?
6bd5
In base 10, what is -1799 - 24843?
-26642
In base 7, what is 305 + -41363624?
-41363316
In base 8, what is -23 + -523714?
-523737
In base 10, what is 38422 + -1269?
37153
In base 14, what is 2 - 579d0c4?
-579d0c2
In base 13, what is 2 - -290a641?
290a643
In base 16, what is b - d5c83?
-d5c78
In base 2, what is 110000110011000 + -11011010001?
101101011000111
In base 6, what is -14134 + 15332?
1154
In base 6, what is 113433045 + 1?
113433050
In base 10, what is -116745 + -57?
-116802
In base 9, what is 8768 - 346?
8422
In base 11, what is 10a + 1559a1?
156000
In base 16, what is 17ae + 3ee4?
5692
In base 9, what is 107671 + -471?
107200
In base 10, what is 1036 - 206675?
-205639
In base 12, what is 5ab + -94b?
-360
In base 4, what is 12 - 1322020030121?
-